ivide 297658704?
False
Does 53 divide 472487103?
True
Is 210616259 even?
False
Is 30 a factor of 4411681830?
True
Does 1001 divide 138152014?
True
Does 38 divide 6537567?
False
Does 19 divide 43293805?
False
Does 577 divide 2719702771?
True
Is 3965 a factor of 664149916?
False
Is 272292076 a multiple of 7?
True
Does 9 divide 780225?
False
Is 326 a factor of 25600128?
True
Does 8 divide 6622127?
False
Is 5 a factor of 33368770?
True
Does 87 divide 2477205201?
True
Is 6013 a factor of 1045520359?
False
Is 563 a factor of 279976522?
True
Is 422769509 a multiple of 4071?
False
Is 99 a factor of 2077793761?
False
Is 13 a factor of 1134972?
False
Is 2470871613 a multiple of 1718?
False
Does 1591 divide 1826819611?
True
Does 1154 divide 35085005?
False
Is 121658922 a multiple of 198?
True
Is 731590240 a multiple of 46?
False
Is 8 a factor of 59572105?
False
Does 149 divide 1450592687?
False
Is 120763412 a multiple of 814?
True
Is 301 a factor of 193545709?
True
Is 63 a factor of 362688858?
True
Is 179 a factor of 966059599?
True
Does 5 divide 416498005?
True
Is 23722209 a multiple of 63?
True
Does 3441 divide 73393089?
True
Is 22 a factor of 316303918?
False
Does 17 divide 14919812?
True
Is 28 a factor of 771302083?
False
Does 19 divide 68452516?
True
Does 955 divide 53557116?
False
Does 257 divide 69402582?
False
Does 50 divide 257419846?
False
Is 902098636 a multiple of 31?
True
Does 558 divide 150706965?
False
Does 11 divide 180536488?
True
Does 345 divide 9049695?
True
Is 12 a factor of 156401175?
False
Is 46 a factor of 2886040?
True
Is 3543189 a multiple of 109?
False
Does 47 divide 162632831?
True
Is 4637088 a multiple of 432?
True
Is 122324697 a multiple of 319?
True
Does 27 divide 1258849840?
False
Is 15 a factor of 137498794?
False
Is 368005448 a multiple of 500?
False
Is 12749275 a multiple of 259?
True
Is 28 a factor of 22449607?
False
Is 88447080 a multiple of 3?
True
Is 28 a factor of 200037631?
False
Does 1537 divide 22346443?
True
Is 14 a factor of 64375458?
True
Does 99 divide 130126483?
False
Is 12672000 a multiple of 375?
True
Does 24 divide 50169144?
True
Is 1823408 a multiple of 4?
True
Is 122 a factor of 65555358?
True
Is 15 a factor of 1366920?
True
Is 75 a factor of 25019025?
True
Is 38 a factor of 157091171?
False
Is 2049 a factor of 4601851?
False
Is 210 a factor of 8468040?
True
Is 125 a factor of 1150713250?
True
Is 18408570 a multiple of 249?
True
Is 36 a factor of 12366072?
True
Does 871 divide 105185444?
True
Does 7 divide 349148639?
True
Does 94 divide 467861228?
False
Is 6975623 a multiple of 4?
False
Does 11 divide 98359063?
True
Is 1540215235 a multiple of 13?
True
Does 422 divide 296000928?
True
Is 13 a factor of 599949259?
True
Is 28776476 a multiple of 101?
False
Is 1828407 a multiple of 254?
False
Is 91882335 a multiple of 9?
False
Is 253 a factor of 570445678?
True
Is 560513685 a multiple of 2298?
False
Is 10548000 a multiple of 80?
True
Does 41 divide 116648813?
True
Does 484 divide 109089172?
False
Is 83 a factor of 2129625837?
False
Is 1317743248 a multiple of 212?
False
Does 351 divide 16006479?
False
Is 2668070944 a multiple of 3322?
True
Is 5842161 a multiple of 8?
False
Is 139678542 a multiple of 498?
True
Does 16 divide 2428009?
False
Does 26 divide 1149735834?
True
Does 126 divide 146055004?
False
Is 611 a factor of 23804560?
True
Is 820 a factor of 213473880?
True
Is 1131368631 a multiple of 227?
False
Is 27 a factor of 1626508323?
True
Is 112 a factor of 5400976?
True
Is 88280400 a multiple of 208?
True
Does 10 divide 112737762?
False
Is 175 a factor of 112777175?
True
Is 1107210955 a multiple of 55?
False
Is 277 a factor of 93093405?
False
Does 36 divide 1209219012?
True
Does 192 divide 736063680?
True
Is 24298880 a multiple of 16?
True
Is 14857416 a multiple of 2583?
True
Does 50 divide 12343111?
False
Does 3841 divide 55182132?
False
Is 5 a factor of 419755318?
False
Is 99 a factor of 2338740?
False
Does 2560 divide 21184361?
False
Does 92 divide 31549100?
True
Is 58243550 a multiple of 1406?
True
Is 5 a factor of 5532340?
True
Is 306 a factor of 7874910?
True
Does 439 divide 281722982?
True
Is 899 a factor of 2781947?
False
Is 3063996 a multiple of 26?
True
Is 2387339858 a multiple of 24?
False
Is 19614883 a multiple of 1109?
True
Does 379 divide 97413039?
False
Is 3307 a factor of 173730556?
False
Does 933 divide 2654312226?
True
Is 444951254 a multiple of 1249?
True
Is 769618333 a multiple of 172?
False
Does 322 divide 1388908038?
True
Is 2775063 a multiple of 21?
False
Is 81003270 a multiple of 1344?
False
Does 2 divide 172716178?
True
Is 14019796 a multiple of 511?
True
Does 65 divide 179288656?
False
Is 15 a factor of 203122125?
True
Does 5 divide 334348630?
True
Is 5399 a factor of 1930999330?
False
Is 23813835 a multiple of 1965?
True
Does 7487 divide 977846043?
False
Is 14 a factor of 69968024?
True
Is 633969984 a multiple of 8256?
True
Is 1290632937 a multiple of 83?
False
Is 813 a factor of 2197883603?
False
Is 80 a factor of 1869920?
True
Is 13 a factor of 331417840?
True
Does 213 divide 3143571?
False
Does 4241 divide 269964782?
False
Is 2451216645 a multiple of 955?
True
Is 101913525 a multiple of 24?
False
Is 447271317 a multiple of 1081?
True
Is 494302922 a multiple of 550?
False
Is 17 a factor of 283804426?
True
Is 28 a factor of 14932288?
True
Does 61 divide 1970804?
False
Is 624 a factor of 392438346?
False
Is 648 a factor of 35146526?
False
Does 7 divide 39819157?
True
Is 1383 a factor of 20897130?
True
Is 131207980 a multiple of 979?
False
Is 130210075 a multiple of 25?
True
Is 19 a factor of 203744749?
False
Is 46 a factor of 185485462?
False
Is 632755890 a multiple of 65?
True
Does 2643 divide 47875097?
False
Is 7816820072 a multiple of 10?
False
Is 56368228 a multiple of 14?
True
Is 12 a factor of 38838530?
False
Is 835 a factor of 6280035?
True
Is 5847664 a multiple of 6?
False
Is 3085728631 a multiple of 56?
False
Does 5 divide 64690380?
True
Is 295815402 a multiple of 153?
True
Is 1528831512 a multiple of 2984?
True
Is 43 a factor of 135994770?
False
Is 24 a factor of 77190745?
False
Is 16 a factor of 90595291?
False
Is 2112418830 a multiple of 4965?
True
Is 1896 a factor of 166436568?
True
Is 44097118 a multiple of 6?
False
Is 386860069 a multiple of 32?
False
Is 131820908 a multiple of 4?
True
Is 43 a factor of 89475647?
True
Is 39353997 a multiple of 1844?
False
Is 111 a factor of 2279815902?
True
Does 9 divide 3942948978?
True
Does 873 divide 76382262?
True
Does 50 divide 32024350?
True
Is 17 a factor of 135527383?
True
Is 445 a factor of 959166874?
False
Is 15 a factor of 2002116855?
True
Is 91 a factor of 28026365?
False
Does 11 divide 318983775?
True
Is 1362641414 a multiple of 15730?
False
Does 158 divide 155156?
True
Does 246 divide 402795234?
True
Is 185981946 a multiple of 22?
False
Is 645675361 a multiple of 86?
False
Is 835571300 a multiple of 20?
True
Is 69568106 a multiple of 2381?
False
Is 2152367175 a multiple of 105?
True
Is 169778962 a multiple of 126?
False
Does 9 divide 474749901?
True
Is 121751267 a multiple of 34?
False
Is 11 a factor of 68847394?
True
Is 2515170 a multiple of 210?
True
Is 1074094255 a multiple of 1222?
False
Is 560 a factor of 87071641?
False
Is 173 a factor of 444190821?
True
Is 658822 a multiple of 3?
False
Does 149 divide 5238047?
False
Is 601216366 a multiple of 334?
True
Is 157828096 a multiple of 32?
True
Does 21 divide 36859406?
False
Is 4175610959 a multiple of 13?
True
Is 642 a factor of 420838685?
False
Is 9213232 a multiple of 16?
True
Is 115007182 a multiple of 27?
False
Is 29 a factor of 45623271?
False
Is 29 a factor of 86599254?
False
Is 39137425 a multiple of 103?
True
Is 798 a factor of 23659902?
True
Is 176382676 a multiple of 100?
False
Does 241 divide 158234816?
True
Does 232 divide 11837568?
True
Does 9 divide 8339438?
False
Is 15698301 a multiple of 201?
True
Does 73 divide 427072617?
False
Does 1594 divide 17961192?
True
Is 3995 a factor of 15859697?
False
Is 271212180 a multiple of 258?
True
Is 11572216 a multiple of 361?
True
Does 4840 divide 922760520?
True
Does 1905 divide 41944290?
True
Does 203 divide 54117023?
False
Is 1685 a factor of 1937778645?
True
Is 18491841 a multiple of 15?
False
Does 13 